{"id":52,"date":"2024-01-29T17:22:26","date_gmt":"2024-01-29T15:22:26","guid":{"rendered":"http:\/\/lucasfix.fi\/?page_id=52"},"modified":"2024-06-26T18:34:29","modified_gmt":"2024-06-26T16:34:29","slug":"sv","status":"publish","type":"page","link":"https:\/\/lucasfix.fi\/index.php\/sv\/","title":{"rendered":"Reparationstj\u00e4nst f\u00f6r elektronik"},"content":{"rendered":"\n<h2 class=\"wp-block-heading\">och IT-support<\/h2>\n\n\n\n<p><\/p>\n\n\n\n<p>Playstation, Xbox, Nintendo konsoler, moderkort, datorer, Windows support mm.<\/p>\n\n\n\n<p>Vi reparerar inte telefoner eller Apple produkter f\u00f6r tillf\u00e4llet.<\/p>\n\n\n\n<p class=\"has-tertiary-color has-text-color has-link-color wp-elements-3edb0e85dd490734bd91ba0150e386e5\">Ta kontakt eller fr\u00e5ga om en offert och se om en reparation \u00e4r m\u00f6jlig.<\/p>\n\n\n\n<p class=\"has-tertiary-color has-text-color has-link-color wp-elements-38d9a4be7692b62c78517a48a660340e\">-Lucas<\/p>\n\n\n\n<p><\/p>\n\n\n\n<p><\/p>\n","protected":false},"excerpt":{"rendered":"<p>och IT-support Playstation, Xbox, Nintendo konsoler, moderkort, datorer, Windows support mm. Vi reparerar inte telefoner eller Apple produkter f\u00f6r tillf\u00e4llet. Ta kontakt eller fr\u00e5ga om en offert och se om en reparation \u00e4r m\u00f6jlig. -Lucas<\/p>\n","protected":false},"author":1,"featured_media":0,"parent":0,"menu_order":0,"comment_status":"closed","ping_status":"closed","template":"","meta":{"neve_meta_sidebar":"","neve_meta_container":"","neve_meta_enable_content_width":"","neve_meta_content_width":0,"neve_meta_title_alignment":"","neve_meta_author_avatar":"","neve_post_elements_order":"","neve_meta_disable_header":"","neve_meta_disable_footer":"","neve_meta_disable_title":"","footnotes":""},"class_list":["post-52","page","type-page","status-publish","hentry"],"_links":{"self":[{"href":"https:\/\/lucasfix.fi\/index.php\/wp-json\/wp\/v2\/pages\/52","targetHints":{"allow":["GET"]}}],"collection":[{"href":"https:\/\/lucasfix.fi\/index.php\/wp-json\/wp\/v2\/pages"}],"about":[{"href":"https:\/\/lucasfix.fi\/index.php\/wp-json\/wp\/v2\/types\/page"}],"author":[{"embeddable":true,"href":"https:\/\/lucasfix.fi\/index.php\/wp-json\/wp\/v2\/users\/1"}],"replies":[{"embeddable":true,"href":"https:\/\/lucasfix.fi\/index.php\/wp-json\/wp\/v2\/comments?post=52"}],"version-history":[{"count":31,"href":"https:\/\/lucasfix.fi\/index.php\/wp-json\/wp\/v2\/pages\/52\/revisions"}],"predecessor-version":[{"id":595,"href":"https:\/\/lucasfix.fi\/index.php\/wp-json\/wp\/v2\/pages\/52\/revisions\/595"}],"wp:attachment":[{"href":"https:\/\/lucasfix.fi\/index.php\/wp-json\/wp\/v2\/media?parent=52"}],"curies":[{"name":"wp","href":"https:\/\/api.w.org\/{rel}","templated":true}]}}