{"id":103,"date":"2024-02-05T15:53:43","date_gmt":"2024-02-05T13:53:43","guid":{"rendered":"http:\/\/lucasfix.fi\/?page_id=103"},"modified":"2024-05-06T19:26:58","modified_gmt":"2024-05-06T17:26:58","slug":"offert","status":"publish","type":"page","link":"https:\/\/lucasfix.fi\/index.php\/sv\/offert\/","title":{"rendered":"Offertf\u00f6rfr\u00e5gan"},"content":{"rendered":"\n<p>Kontakta oss g\u00e4rna via formul\u00e4ret nedan f\u00f6r en kostnadsfri offert och f\u00f6r att se om en reparation \u00e4r m\u00f6jlig.<\/p>\n\n\n<div class=\"wpforms-container wpforms-container-full wpforms-block wpforms-block-46683016-d493-4938-b051-b6dc8e650978 wpforms-render-modern\" id=\"wpforms-122\"><form id=\"wpforms-form-122\" class=\"wpforms-validate wpforms-form wpforms-ajax-form\" data-formid=\"122\" method=\"post\" enctype=\"multipart\/form-data\" action=\"\/index.php\/wp-json\/wp\/v2\/pages\/103\" data-token=\"b89ca3bb9ad52c3b9b9955ccc8ce7969\" data-token-time=\"1777068336\"><noscript class=\"wpforms-error-noscript\">Please enable JavaScript in your browser to complete this form.<\/noscript><div id=\"wpforms-error-noscript\" style=\"display: none;\">Please enable JavaScript in your browser to complete this form.<\/div><div class=\"wpforms-field-container\"><div id=\"wpforms-122-field_1-container\" class=\"wpforms-field wpforms-field-text\" data-field-id=\"1\"><label class=\"wpforms-field-label\" for=\"wpforms-122-field_1\">Namn <span class=\"wpforms-required-label\" aria-hidden=\"true\">*<\/span><\/label><input type=\"text\" id=\"wpforms-122-field_1\" class=\"wpforms-field-medium wpforms-field-required\" name=\"wpforms[fields][1]\" aria-errormessage=\"wpforms-122-field_1-error\" required><\/div><div id=\"wpforms-122-field_3-container\" class=\"wpforms-field wpforms-field-email\" data-field-id=\"3\"><label class=\"wpforms-field-label\" for=\"wpforms-122-field_3\">E-post <span class=\"wpforms-required-label\" aria-hidden=\"true\">*<\/span><\/label><input type=\"email\" id=\"wpforms-122-field_3\" class=\"wpforms-field-medium wpforms-field-required\" name=\"wpforms[fields][3]\" spellcheck=\"false\" aria-errormessage=\"wpforms-122-field_3-error\" required><\/div><div id=\"wpforms-122-field_10-container\" class=\"wpforms-field wpforms-field-select wpforms-field-select-style-classic\" data-field-id=\"10\"><label class=\"wpforms-field-label\" for=\"wpforms-122-field_10\">Leverans metod?<\/label><select id=\"wpforms-122-field_10\" class=\"wpforms-field-medium\" name=\"wpforms[fields][10]\"><option value=\"Med post\"  selected='selected' class=\"choice-1 depth-1\"  >Med post<\/option><option value=\"H\u00e4mtas\"  class=\"choice-2 depth-1\"  >H\u00e4mtas<\/option><\/select><\/div><div id=\"wpforms-122-field_5-container\" class=\"wpforms-field wpforms-field-text\" data-field-id=\"5\"><label class=\"wpforms-field-label\" for=\"wpforms-122-field_5\">Enhet <span class=\"wpforms-required-label\" aria-hidden=\"true\">*<\/span><\/label><input type=\"text\" id=\"wpforms-122-field_5\" class=\"wpforms-field-medium wpforms-field-required\" name=\"wpforms[fields][5]\" placeholder=\"Ex. Nintendo Switch , Xbox Series X .....\" aria-errormessage=\"wpforms-122-field_5-error\" required><\/div><div id=\"wpforms-122-field_4-container\" class=\"wpforms-field wpforms-field-textarea\" data-field-id=\"4\"><label class=\"wpforms-field-label\" for=\"wpforms-122-field_4\">Beskrivning p\u00e5 enhetens beteende<\/label><textarea id=\"wpforms-122-field_4\" class=\"wpforms-field-large\" name=\"wpforms[fields][4]\" placeholder=\"Ber\u00e4tta ytterst noggrant om enhetens beteende.\" aria-errormessage=\"wpforms-122-field_4-error\" ><\/textarea><\/div><\/div><!-- .wpforms-field-container --><div class=\"wpforms-recaptcha-container wpforms-is-recaptcha wpforms-is-recaptcha-type-invisible\" ><div class=\"g-recaptcha\" data-sitekey=\"6LdD3YUpAAAAAIGEtkXuRn4EO_KOzpsznZcm_RPR\" data-size=\"invisible\"><\/div><\/div><div class=\"wpforms-submit-container\" ><input type=\"hidden\" name=\"wpforms[id]\" value=\"122\"><input type=\"hidden\" name=\"page_title\" value=\"\"><input type=\"hidden\" name=\"page_url\" value=\"https:\/\/lucasfix.fi\/index.php\/wp-json\/wp\/v2\/pages\/103\"><input type=\"hidden\" name=\"url_referer\" value=\"\"><button type=\"submit\" name=\"wpforms[submit]\" id=\"wpforms-submit-122\" class=\"wpforms-submit\" data-alt-text=\"S\u00e4nder...\" data-submit-text=\"S\u00e4nd\" aria-live=\"assertive\" value=\"wpforms-submit\">S\u00e4nd<\/button><img loading=\"lazy\" decoding=\"async\" src=\"https:\/\/lucasfix.fi\/wp-content\/plugins\/wpforms-lite\/assets\/images\/submit-spin.svg\" class=\"wpforms-submit-spinner\" style=\"display: none;\" width=\"26\" height=\"26\" alt=\"Loading\"><\/div><\/form><\/div>  <!-- .wpforms-container -->","protected":false},"excerpt":{"rendered":"<p>Kontakta oss g\u00e4rna via formul\u00e4ret nedan f\u00f6r en kostnadsfri offert och f\u00f6r att se om en reparation \u00e4r m\u00f6jlig.<\/p>\n","protected":false},"author":1,"featured_media":0,"parent":0,"menu_order":0,"comment_status":"closed","ping_status":"closed","template":"","meta":{"neve_meta_sidebar":"","neve_meta_container":"","neve_meta_enable_content_width":"","neve_meta_content_width":0,"neve_meta_title_alignment":"","neve_meta_author_avatar":"","neve_post_elements_order":"","neve_meta_disable_header":"","neve_meta_disable_footer":"","neve_meta_disable_title":"","footnotes":""},"class_list":["post-103","page","type-page","status-publish","hentry"],"_links":{"self":[{"href":"https:\/\/lucasfix.fi\/index.php\/wp-json\/wp\/v2\/pages\/103","targetHints":{"allow":["GET"]}}],"collection":[{"href":"https:\/\/lucasfix.fi\/index.php\/wp-json\/wp\/v2\/pages"}],"about":[{"href":"https:\/\/lucasfix.fi\/index.php\/wp-json\/wp\/v2\/types\/page"}],"author":[{"embeddable":true,"href":"https:\/\/lucasfix.fi\/index.php\/wp-json\/wp\/v2\/users\/1"}],"replies":[{"embeddable":true,"href":"https:\/\/lucasfix.fi\/index.php\/wp-json\/wp\/v2\/comments?post=103"}],"version-history":[{"count":9,"href":"https:\/\/lucasfix.fi\/index.php\/wp-json\/wp\/v2\/pages\/103\/revisions"}],"predecessor-version":[{"id":559,"href":"https:\/\/lucasfix.fi\/index.php\/wp-json\/wp\/v2\/pages\/103\/revisions\/559"}],"wp:attachment":[{"href":"https:\/\/lucasfix.fi\/index.php\/wp-json\/wp\/v2\/media?parent=103"}],"curies":[{"name":"wp","href":"https:\/\/api.w.org\/{rel}","templated":true}]}}